2602 is divided by 959?
955
Calculate the remainder when 24031 is divided by 727.
40
What is the remainder when 5742 is divided by 88?
22
What is the remainder when 81145 is divided by 88?
9
Calculate the remainder when 149223 is divided by 357.
354
What is the remainder when 2928742 is divided by 1638?
1636
Calculate the remainder when 107972 is divided by 75.
47
Calculate the remainder when 28923 is divided by 767.
544
Calculate the remainder when 739 is divided by 232.
43
What is the remainder when 145588 is divided by 46?
44
Calculate the remainder when 1717 is divided by 93.
43
What is the remainder when 91670 is divided by 86?
80
What is the remainder when 400949 is divided by 27?
26
Calculate the remainder when 521561 is divided by 53.
41
What is the remainder when 53753 is divided by 65?
63
Calculate the remainder when 36215 is divided by 18.
17
What is the remainder when 44974 is divided by 328?
38
What is the remainder when 5142 is divided by 83?
79
What is the remainder when 30414 is divided by 1082?
118
Calculate the remainder when 118101 is divided by 39365.
6
Calculate the remainder when 38106 is divided by 12700.
6
What is the remainder when 11604 is divided by 5744?
116
Calculate the remainder when 895 is divided by 12.
7
Calculate the remainder when 1474 is divided by 729.
16
Calculate the remainder when 4608 is divided by 333.
279
What is the remainder when 166545 is divided by 29?
27
What is the remainder when 16778 is divided by 1203?
1139
Calculate the remainder when 397 is divided by 143.
111
What is the remainder when 13431 is divided by 75?
6
What is the remainder when 1714 is divided by 1036?
678
Calculate the remainder when 38521 is divided by 154.
21
Calculate the remainder when 14885 is divided by 2332.
893
What is the remainder when 228473 is divided by 228457?
16
Calculate the remainder when 1325099 is divided by 11.
6
Calculate the remainder when 273511 is divided by 93.
91
Calculate the remainder when 38611 is divided by 348.
331
Calculate the remainder when 7247 is divided by 36.
11
Calculate the remainder when 5545 is divided by 369.
10
What is the remainder when 13475 is divided by 213?
56
What is the remainder when 344 is divided by 14?
8
What is the remainder when 7566 is divided by 1250?
66
Calculate the remainder when 164381 is divided by 173.
31
Calculate the remainder when 147320 is divided by 49106.
2
What is the remainder when 938667 is divided by 6753?
0
Calculate the remainder when 193 is divided by 47.
5
Calculate the remainder when 11034 is divided by 1555.
149
What is the remainder when 61565 is divided by 52?
49
Calculate the remainder when 236634 is divided by 13.
8
Calculate the remainder when 936305 is divided by 189.
188
Calculate the remainder when 9364 is divided by 470.
434
Calculate the remainder when 3977 is divided by 1926.
125
What is the remainder when 2457 is divided by 488?
17
What is the remainder when 9122 is divided by 198?
14
Calculate the remainder when 293277 is divided by 52.
49
What is the remainder when 1596971 is divided by 377?
376
What is the remainder when 13322 is divided by 114?
98
Calculate the remainder when 1441624 is divided by 1401.
1396
What is the remainder when 696 is divided by 649?
47
Calculate the remainder when 21789 is divided by 838.
1
What is the remainder when 2187151 is divided by 136?
135
Calculate the remainder when 114135 is divided by 311.
309
Calculate the remainder when 25785 is divided by 1718.
15
What is the remainder when 9856 is divided by 53?
51
What is the remainder when 2981 is divided by 71?
70
Calculate the remainder when 15664 is divided by 59.
29
What is the remainder when 22395 is divided by 7455?
30
What is the remainder when 459 is divided by 248?
211
What is the remainder when 125991 is divided by 105?
96
What is the remainder when 40957 is divided by 105?
7
Calculate the remainder when 16572 is divided by 317.
88
What is the remainder when 157745 is divided by 4780?
5
Calculate the remainder when 1338 is divided by 666.
6
What is the remainder when 713 is divided by 535?
178
Calculate the remainder when 669 is divided by 247.
175
What is the remainder when 6575 is divided by 387?
383
Calculate the remainder when 46680 is divided by 21.
18
Calculate the remainder when 6972 is divided by 54.
6
Calculate the remainder when 17677 is divided by 256.
13
Calculate the remainder when 5412 is divided by 2.
0
What is the remainder when 1751 is divided by 41?
29
Calculate the remainder when 2156 is divided by 498.
164
Calculate the remainder when 56981 is divided by 147.
92
What is the remainder when 505963 is divided by 126488?
11
What is the remainder when 253458 is divided by 380?
378
Calculate the remainder when 2080442 is divided by 57.
56
What is the remainder when 781051 is divided by 605?
601
What is the remainder when 6485 is divided by 1077?
23
What is the remainder when 90559 is divided by 214?
37
Calculate the remainder when 2610 is divided by 71.
54
What is the remainder when 1194866 is divided by 38?
32
Calculate the remainder when 126 is divided by 28.
14
What is the remainder when 6534 is divided by 48?
6
What is the remainder when 5026 is divided by 1658?
52
What is the remainder when 125219 is divided by 282?
11
Calculate the remainder when 5387 is divided by 1051.
132
What is the remainder when 393932 is divided by 232?
228
Calculate the remainder when 2949026 is divided by 1087.
1082
Calculate the remainder when 3513 is divided by 1137.
102
What is the remainder when 2168 is divided by 574?
446
Calculate the remainder when 1438468 is divided by 1579.
1578
Calculate the remainder when 18531 is divided by 57.
6
Calculate the remainder when 1059 is divided by 36.
15
What is the remainder when 5792 is divided by 443?
33
Calculate the remainder when 256298 is divided by 562.
26
Calculate the remainder when 45930 is divided by 15003.
921
What is the remainder when 9155 is divided by 1926?
1451
Calculate the remainder when 155444 is divided by 18.
14
What is the remainder when 309411 is divided by 1190?
11
Calculate the remainder when 542866 is divided by 88.
82
What is the remainder when 3060095 is divided by 1226?
1225
What is the remainder when 210511 is divided by 149?
123
Calculate the remainder when 13803 is divided by 2296.
27
Calculate the remainder when 181629 is divided by 352.
349
What is the remainder when 13965 is divided by 4653?
6
What is the remainder when 25309 is divided by 588?
25
What is the remainder when 113447 is divided by 91?
61
What is the remainder when 31325 is divided by 20?
5
Calculate the remainder when 451827 is divided by 64544.
19
Calculate the remainder when 3631 is divided by 409.
359
Calculate the remainder when 3527 is divided by 3515.
12
Calculate the remainder when 118628 is divided by 269.
268
What is the remainder when 158239 is divided by 211?
200
Calculate the remainder when 7443 is divided by 26.
7
What is the remainder when 341038 is divided by 84?
82
What is the remainder when 82787 is divided by 25?
12
What is the remainder when 536373 is divided by 129?
120
Calculate the remainder when 20286 is divided by 5.
1
What is the remainder when 1009182 is divided by 12?
6
Calculate the remainder when 85960 is divided by 221.
212
Calculate the remainder when 19152 is divided by 304.
0
Calculate the remainder when 236789 is divided by 78924.
17
Calculate the remainder when 3450 is divided by 49.
20
Calculate the remainder when 611995 is divided by 154.
153
What is the remainder when 31356 is divided by 157?
113
What is the remainder when 24676 is divided by 301?
295
Calculate the remainder when 8958 is divided by 37.
4
Calculate the remainder when 7385 is divided by 27.
14
Calculate the remainder when 327864 is divided by 8628.
0
Calculate the remainder when 83698 is divided by 6971.
46
What is the remainder when 18548 is divided by 43?
15
What is the remainder when 292500 is divided by 14?
12
What is the remainder when 2345 is divided by 65?
5
What is the remainder when 450 is divided by 123?
81
Calculate the remainder when 11820 is divided by 982.
36
Calculate the remainder when 27964 is divided by 74.
66
What is the remainder when 25495 is divided by 2548?
15
What is the remainder